60. What is the hundreds digit of a?
1
Let l(p) be the third derivative of p**5/60 - 29*p**4/24 + 4*p**3/3 + 19*p**2. Let q be l(25). Let y = 96 + q. What is the units digit of y?
4
Let i(u) be the first derivative of 2*u**3 - 4*u**2 - u + 86. Suppose 4*j + 4 = 5*j - 5*l, 4*j - l - 16 = 0. What is the units digit of i(j)?
3
Let d(v) = v**3 - 54*v**2 - 57*v + 3598. What is the thousands digit of d(59)?
7
Let p = -11111 + 27442. What is the ten thousands digit of p?
1
Let c(m) = -m**3 + 10*m**2 + 11*m + 9. Let d be c(12). Let j = d + 102. Let u = 79 + j. What is the tens digit of u?
3
Let z(h) = 4*h**3 + 63*h**2 - 19*h - 22. Suppose 0 = 271*v - 270*v + 16. What is the tens digit of z(v)?
2
Suppose -19 = 4*f - 5*f. Let l be 2595/3 - -2 - (11 + -4). Suppose 15*v + l = f*v. What is the tens digit of v?
1
Let p be (8 + -2)*(98 - -6). Let b = p + -541. What is the tens digit of b?
8
Suppose 3*r = 2*b + 29088, 2*r - 5*b - 31105 = -11702. What is the thousands digit of r?
9
What is the hundreds digit of (2/(-5))/(10/(-9000)*1)?
3
Let t(b) = 2*b**2 - 10*b + 28*b**2 - 3 - 12*b**2 - 4*b**2. Let u be t(-3). Let d = 57 + u. What is the tens digit of d?
1
Let d be (29/(-58))/((-1)/200). What is the hundreds digit of d - (0 - (2 - 0))?
1
Suppose -4*b = -3*x, -3*b = -x - 3 - 2. Let v(j) = 4 + 6*j**2 - x - 3*j - 3 + 2. What is the units digit of v(4)?
3
What is the tens digit of -3 - (2 + 63)/((-44)/5632)?
1
Let b be 10 + 12*14/(-56). Let w(o) be the second derivative of -o**5/20 + 2*o**4/3 + 8*o**2 + o. What is the units digit of w(b)?
5
Let z be ((-6)/4)/((-57)/152). Suppose -z*d + 1 = l - 15, 5*d = -2*l + 23. What is the units digit of 48 + (3*-2)/d?
6
Let j(f) = -f**2 + 23*f + 2. Let b(r) = 7*r**2 - r + 1. Let n be b(1). What is the units digit of j(n)?
4
Let h = -51 + -4. Let b be h/(-22)*(-2 - -4). Suppose -2*x + b*x = 171. What is the units digit of x?
7
Suppose -5*f = -5*v + 1315, -339 = -v + 4*f - 82. Let r = v - -131. What is the tens digit of r?
9
Let q be (-389)/4*(-7 - -11) + 6. Let d = -180 - q. What is the tens digit of d?
0
Suppose -4*j - 17 = -d + 7, 0 = 5*j - 5. Let s be 14/6*(-25 + d). Suppose -2*z + 1098 = s*z. What is the tens digit of z?
2
Let i(h) = -2*h**3 - h**2. Let m(d) = -13*d**3 - 6*d**2 + 23*d + 5. Let n(v) = -6*i(v) + m(v). What is the units digit of n(-6)?
3
Let j(y) = -y**3 - 41*y**2 + 68*y - 103. Let d be j(-42). Let r = 2404 + d. What is the hundreds digit of r?
2
Let f = 67975 - 40693. What is the ten thousands digit of f?
2
Suppose -3*j + 0*j = -8*j. Suppose -3*t + 732 - 12 = j. Suppose -3*p = p - t. What is the tens digit of p?
6
Suppose 98*t = 94*t + 8. Suppose -t*d = -6*d + 5468. Suppose 4*k + 423 - d = 0. What is the hundreds digit of k?
2
Let a(u) = -623*u**2 - 9*u + 23. Let v be a(2). Let t = -1560 - v. What is the hundreds digit of t?
9
Suppose -11*m = -17*m - 30. Let v = m - -791. What is the tens digit of v?
8
Suppose 4 = 2*u, -4*v + 18 = -6*u + 3*u. Suppose -5*n + 2020 = 5*s - v*n, 3*n = -s + 404. What is the units digit of s?
4
Let l be (8 + (11 - 6))/((-1)/(-254)). Suppose 0 = 17*j - 4*j - l. What is the tens digit of j?
5
Let s(d) = 25 + 26 + 3 - 14*d + 11*d. What is the tens digit of s(-27)?
3
Suppose -2*l - 4*b - 15 = l, 0 = 3*l - 5*b - 12. Let z be -5 - l - 48/(-4). What is the tens digit of 3/(-4) + 518/z?
6
Suppose -7*o + o = 252. Let d(z) = z + 21. Let k be d(-14). What is the hundreds digit of 130 + (-1)/(-3)*o/k?
1
Suppose 0*a - a - 13 = -5*s, -2*s = -3*a. Suppose -150 = -s*g - 3*j, -2*j - 182 = -4*g - 0*j. What is the units digit of g?
7
Let g = 56 + -52. Let n(p) = -2*p + 1 + 15*p**2 - g + 8*p - 3*p. What is the units digit of n(-3)?
3
Let y = -75 - -76. Let x be (115/20)/(y/(-4)). Let b = 34 + x. What is the units digit of b?
1
Let t(n) = 7*n**2 + 4*n + 10. Let q(b) = -9*b**2 - 4*b - 9. Let z(d) = 3*q(d) + 4*t(d). Let p = 9 - 1. What is the units digit of z(p)?
9
Let z(v) = v**3 + v**2 - v + 3. Let u be z(-2). Let i be u/((-30)/70 + 2/(-28)). What is the tens digit of i*1/5 + (-72)/(-5)?
1
Let g(y) = -4*y. Let p(n) = 193*n + 205. Let q(h) = 5*g(h) - p(h). What is the units digit of q(-6)?
3
Let b = -149 + 149. Suppose b = -m + 156 + 6. What is the tens digit of m?
6
Let w be 7/7 - 25 - 6. What is the hundreds digit of w/(-27)*357 + 2/6?
3
Suppose 767*m - 26970 = 736*m. What is the units digit of m?
0
Let d = 210 + 2334. What is the hundreds digit of d?
5
Suppose 380 = 5*x - 5*y, -2*y + 3*y - 2 = 0. Let l be 0 + -4 + 2 - x. What is the tens digit of (-16)/l - (278/(-10) - 1)?
2
Suppose 0*f - 150722 = -13*f - 4*f. What is the units digit of f?
6
Suppose 21*k = 137440 + 204692. What is the hundreds digit of k?
2
Let v(u) = -9*u**2 + 6*u + 2. Let a be v(4). Let i = a + 68. Let c = i + 154. What is the units digit of c?
4
Let i = 8442 - -81601. What is the ten thousands digit of i?
9
Let w = -18337 - -27191. Suppose w + 3488 = 22*s. What is the hundreds digit of s?
5
Let x(i) = 3*i**2 - 9*i - 10. Let n be x(-5). Let w = n - 102. Suppose 0 = 3*c - w*c + 970. What is the hundreds digit of c?
1
Suppose 18*q - 23*q = -18*q + 163696. What is the units digit of q?
2
Let u = -13895 - -48031. What is the units digit of u?
6
Let g(b) = 2*b**2 + 44*b. Let s = -109 + 87. Let w be g(s). Suppose 2*j = -w*j + 282. What is the hundreds digit of j?
1
Suppose 4*z - 17 = -4*w + 5*z, -4*w + 3*z + 11 = 0. Suppose 0 = -3*l - 5*i - 79, -w*l + i + 3 = 172. Let q = l - -63. What is the units digit of q?
0
Let n = -3553 - -7760. What is the thousands digit of n?
4
Let j be (1 - 225)/((-2)/3). Suppose n + 3*n = j. Let g = -59 + n. What is the units digit of g?
5
Let r(t) = -7*t**3 - 11*t**2 - 16*t + 148. What is the units digit of r(-12)?
2
Let x be ((-19)/(-57))/(1/(-21)). Let i(b) = -b**3 - 3*b**2 - 9*b. What is the hundreds digit of i(x)?
2
Suppose -3*s + 5*f = 482, 0 = s + 2*f - 21 + 200. Suppose -544 = 5*i - 2269. Let r = i + s. What is the units digit of r?
6
Suppose -18 = -6*k + k + 4*v, 5*v = 4*k - 18. Suppose 0 = k*m - 137 - 95. Let s = 43 + m. What is the hundreds digit of s?
1
Let i = 30645 - 20263. What is the ten thousands digit of i?
1
What is the ten thousands digit of ((3/(-1))/(-1))/(20*27/3731220)?
2
Suppose -40*h + 121986 = -13*h. What is the thousands digit of h?
4
Let q = 73814 + -45526. What is the thousands digit of q?
8
Let s(b) = 441*b**2 - 3*b - 12. What is the hundreds digit of s(-6)?
8
Let z be 1/3 + -7*(-4)/42. Let q be (-3)/3*(z/(-1))/1. What is the tens digit of (q/(-1))/(2/(-122))?
6
Let r(a) = 2*a - 14. Let l be r(8). Let k(x) = -1 + 13*x - x**l + 8 - 16*x. What is the units digit of k(-3)?
7
Let a(r) = -23*r + 13. Let p(t) = -8*t + 8. Let d(v) = 3*v - 3. Let q(n) = 11*d(n) + 4*p(n). Let o(u) = -a(u) + 4*q(u). What is the tens digit of o(6)?
4
Suppose 4*v + 3*j = 201, 69 = v - 9*j + 6*j. Suppose -r + v = -3*i, 3*i = -r + 37 + 47. What is the units digit of r?
9
Let o(t) = 7*t**2 - 19*t - 10. Let y(n) be the third derivative of n**5/60 - n**4/24 - 5*n**3/6 - 5*n**2. Let p be y(0). What is the tens digit of o(p)?
6
What is the tens digit of (-4434318)/(-225) - 24/300?
0
Let h(m) = 0*m**2 + 12*m - 34 + 5*m**2 + 0*m**2 - 6*m**2. Let r be h(4). What is the hundreds digit of (-385)/(-33)*2/r*-21?
2
Let a(g) = -g**3 - 463*g + 2967. What is the hundreds digit of a(0)?
9
Let n be 103 + -104 - 2/(2/(-5)). Suppose 2*p - 4*s + 312 - 1714 = 0, -2143 = -3*p - n*s. What is the tens digit of p?
0
Suppose -15*j + 20*j - 4*q - 26412 = 0, -26433 = -5*j + q. What is the thousands digit of j?
5
Suppose -7*v + 65 = -61. Suppose -v*b + 32 = -26*b. What is the hundreds digit of b*4/(-32)*226?
1
Suppose -i - 2 = 3*g + i, -5*g - 4*i = 4. Suppose g = k + 135 + 43. Let o = 362 + k. What is the hundreds digit of o?
1
What is the units digit of ((-4 - -3) + 1468)*((-352)/6)/(-8)?
8
Suppose -5*b = -2*o - 27947, -2*o - 2596 - 3003 = -b. What is the units digit of b?
7
Suppose 0 = 10*k - 503 - 67. Suppose 6*y + k = 807. What is the tens digit of y?
2
Let f(h) = -1611*h - 3937. What is the thousands digit of f(-11)?
3
Suppose 6*c - 185 = 2341. Suppose -1227 = 16*k + c. Let g = k - -147. What is the tens digit of g?
4
Let a(b) = 2*b + 18. Let w be a(-8). Suppose 5*k - 14 = h, -2*k - w*k + h + 12 = 0. Suppose k*p = 2, y - 4*p - 1